{"id":29,"date":"2017-01-14T00:07:02","date_gmt":"2017-01-13T23:07:02","guid":{"rendered":"https:\/\/www.schnopfi.com\/wordpress\/?page_id=29"},"modified":"2025-05-20T15:43:03","modified_gmt":"2025-05-20T13:43:03","slug":"der-stadl","status":"publish","type":"page","link":"https:\/\/www.schnopfi.com\/?page_id=29","title":{"rendered":"DER STADL"},"content":{"rendered":"<div>\n<h4 class=\"title\">Das Team der Kultur-Werkstatt<\/h4>\n<p style=\"font-weight: 400;\">Am 6. Juni 2001 wurde die \u201eKultur-Werkstatt-Schnopfhagen\u201c gegr\u00fcndet, mit dem Ziel kulturelles Leben in Oberneukirchen und der Region zu beleben und zu gestalten, dies ist bis heute so geblieben. Mit Veranstaltungen aus den verschiedensten k\u00fcnstlerischen Bereichen von Pop, Kabarett bis hin zur echten Volksmusik bietet der Verein f\u00fcr das Publikum ein abwechslungsreiches Programm.<br \/>\nMit Vorfreude, Mut, Humor, Sinn f\u00fcr Gemeinschaft und viel Elan organisieren wir die neuen und traditionellen Veranstaltungen, so\u00a0<strong>Obmann Herbert Pargfrieder<\/strong>. Aber auch die Gem\u00fctlichkeit kommt bei den Stammtischen der ehrenamtlichen Mitglieder nicht zu kurz. Denn alle Vereinsmitglieder arbeiten ehrenamtlich, dadurch nat\u00fcrlich unentgeltlich und unpolitisch. Der Lohn f\u00fcr die Arbeit ist das zahlreiche Erscheinen des Publikums, das sich im Stadl wohlf\u00fchlt und immer wieder die abwechslungsreichen Veranstaltungen besucht. Einnahmen werden restlos dazu verwendet, Renovierungs- und Erweiterungsarbeiten am Schnopfhagen-Stadl vorzunehmen und zuk\u00fcnftige Kulturfeste vorzubereiten. Somit wird auch die regionale und heimische Wirtschaft mit einbezogen. Die ortsans\u00e4ssigen Firmen sind gro\u00dfe G\u00f6nner des Kulturvereines.<\/p>\n<p style=\"font-weight: 400;\">Mittlerweile, das sind nun \u00fcber 20 Jahre, ist der Stadl zum \u201eGeheimtipp\u201c unter Kulturinteressierten geworden. Der Stadl liegt nur 30 Fahrminuten von Linz entfernt und die Eintrittspreise sind deutlich geringer, als die der gro\u00dfen Veranstaltungszentren. Ausreichende Parkplatzm\u00f6glichkeiten, bequeme Kartenreservierung und Einlass eine Stunde vor Veranstaltungsbeginn, bieten noch Gelegenheit auf ein gutes gem\u00fctliches Gl\u00e4schen Wein oder kulinarische Schmankerl &#8211; wie die ber\u00fchmten frisch zubereiteten Schaumrollen &#8211; vor Konzertbeginn. Durch das kultivierte und heimelige Flair des Stadls k\u00f6nnen die k\u00fcnstlerischen Acts hautnah miterlebt werden. Besonderes Augenmerk wird auf die Vielfalt im Programm gelegt. So gibt es im Jahresprogramm abwechselnd Kabaretts, Konzerte f\u00fcr Publikum jeden Alters bis hin zu echter Volksmusik. Den Abschluss im Veranstaltungsjahr Ende November bildet der traditionelle Brauchtumsmarkt, der immer unter einem anderen Motto steht. Dieser hat sich in den letzten Jahren zu einem der gr\u00f6\u00dften und sch\u00f6nsten M\u00e4rkte in Ober\u00f6sterreich entwickelt.<\/p>\n<\/div>\n<div>\n<figure id=\"attachment_169\" aria-describedby=\"caption-attachment-169\" style=\"width: 625px\" class=\"wp-caption alignnone\"><img loading=\"lazy\" decoding=\"async\" class=\"wp-image-169 size-full\" src=\"https:\/\/www.schnopfi.com\/wordpress\/wp-content\/uploads\/2017\/01\/Team.jpg\" alt=\"Foto aller Mitglieder\" width=\"625\" height=\"417\" srcset=\"https:\/\/www.schnopfi.com\/wordpress\/wp-content\/uploads\/2017\/01\/Team.jpg 625w, https:\/\/www.schnopfi.com\/wordpress\/wp-content\/uploads\/2017\/01\/Team-300x200.jpg 300w\" sizes=\"auto, (max-width: 625px) 85vw, 625px\" \/><figcaption id=\"caption-attachment-169\" class=\"wp-caption-text\">Foto \u00a9 Erich Pr\u00f6ll<\/figcaption><\/figure>\n<h4>CORONA-Zwangspause<\/h4>\n<p>Die Corona-Pandemie traf nat\u00fcrlich auch die Kultur-Werkstatt-Schnopfhagen in voller H\u00e4rte. Im Jahr 2020 fielen alle geplanten Veranstaltungen aus. Auch das gesamte Fr\u00fchjahrsprogramm 2021 musste aufgrund der Bestimmungen abgesagt werden. Nach drei gelungenen Veranstaltungen im Herbst 2021, war schon wieder Schluss. Wie schon im Jahr davor, war die Abhaltung des beliebten Brauchtumsmarktes Ende November nicht m\u00f6glich.<\/p>\n<h4>Renovierungsarbeiten<\/h4>\n<p>Die ehrenamtlichen Mitglieder des Vereines waren aber nicht unt\u00e4tig, ganz im Gegenteil. Es wurde die \u201estille\u201c Zeit genutzt, um den Stadl rundum (im wahrsten Sinn des Wortes) zu erneuern. Nun erstrahlt das Veranstaltungsgeb\u00e4ude im neuen Glanz. Die urspr\u00fcnglichen Fassadenbretter, an denen der Zahn der Zeit durch Eintritt von Wasser und Feuchtigkeit leider schon sehr nagte, mussten auf drei Seiten ausgetauscht werden. Der Einbau einer zus\u00e4tzlichen L\u00fcftungsanlage sorgt zuk\u00fcnftig f\u00fcr ein besseres Raumklima. Ein riesengro\u00dfes Danke m\u00f6chte der Verein f\u00fcr die gro\u00dfz\u00fcgige finanzielle Unterst\u00fctzung der Marktgemeinde Oberneukirchen mit <b>B\u00fcrgermeister Josef Rathgeb<\/b>\u00a0und dem Land O\u00d6 aussprechen.<\/p>\n<\/div>\n<p><img loading=\"lazy\" decoding=\"async\" class=\"alignnone size-medium wp-image-2666\" src=\"https:\/\/www.schnopfi.com\/wordpress\/wp-content\/uploads\/2021\/11\/Schnopfistadl_1-300x225.jpg\" alt=\"\" width=\"300\" height=\"225\" srcset=\"https:\/\/www.schnopfi.com\/wordpress\/wp-content\/uploads\/2021\/11\/Schnopfistadl_1-300x225.jpg 300w, https:\/\/www.schnopfi.com\/wordpress\/wp-content\/uploads\/2021\/11\/Schnopfistadl_1-1024x769.jpg 1024w, https:\/\/www.schnopfi.com\/wordpress\/wp-content\/uploads\/2021\/11\/Schnopfistadl_1-768x576.jpg 768w, https:\/\/www.schnopfi.com\/wordpress\/wp-content\/uploads\/2021\/11\/Schnopfistadl_1-1200x901.jpg 1200w, https:\/\/www.schnopfi.com\/wordpress\/wp-content\/uploads\/2021\/11\/Schnopfistadl_1.jpg 1235w\" sizes=\"auto, (max-width: 300px) 85vw, 300px\" \/> <img loading=\"lazy\" decoding=\"async\" class=\"alignnone size-medium wp-image-2671\" src=\"https:\/\/www.schnopfi.com\/wordpress\/wp-content\/uploads\/2021\/11\/Schnopfistadl_6-300x225.jpg\" alt=\"\" width=\"300\" height=\"225\" srcset=\"https:\/\/www.schnopfi.com\/wordpress\/wp-content\/uploads\/2021\/11\/Schnopfistadl_6-300x225.jpg 300w, https:\/\/www.schnopfi.com\/wordpress\/wp-content\/uploads\/2021\/11\/Schnopfistadl_6-1024x768.jpg 1024w, https:\/\/www.schnopfi.com\/wordpress\/wp-content\/uploads\/2021\/11\/Schnopfistadl_6-768x576.jpg 768w, https:\/\/www.schnopfi.com\/wordpress\/wp-content\/uploads\/2021\/11\/Schnopfistadl_6-1536x1153.jpg 1536w, https:\/\/www.schnopfi.com\/wordpress\/wp-content\/uploads\/2021\/11\/Schnopfistadl_6-1200x901.jpg 1200w, https:\/\/www.schnopfi.com\/wordpress\/wp-content\/uploads\/2021\/11\/Schnopfistadl_6.jpg 1599w\" sizes=\"auto, (max-width: 300px) 85vw, 300px\" \/> <img loading=\"lazy\" decoding=\"async\" class=\"alignnone size-medium wp-image-2670\" src=\"https:\/\/www.schnopfi.com\/wordpress\/wp-content\/uploads\/2021\/11\/Schnopfistadl_5-300x225.jpg\" alt=\"\" width=\"300\" height=\"225\" srcset=\"https:\/\/www.schnopfi.com\/wordpress\/wp-content\/uploads\/2021\/11\/Schnopfistadl_5-300x225.jpg 300w, https:\/\/www.schnopfi.com\/wordpress\/wp-content\/uploads\/2021\/11\/Schnopfistadl_5-1024x768.jpg 1024w, https:\/\/www.schnopfi.com\/wordpress\/wp-content\/uploads\/2021\/11\/Schnopfistadl_5-768x576.jpg 768w, https:\/\/www.schnopfi.com\/wordpress\/wp-content\/uploads\/2021\/11\/Schnopfistadl_5-1536x1152.jpg 1536w, https:\/\/www.schnopfi.com\/wordpress\/wp-content\/uploads\/2021\/11\/Schnopfistadl_5-1200x900.jpg 1200w, https:\/\/www.schnopfi.com\/wordpress\/wp-content\/uploads\/2021\/11\/Schnopfistadl_5.jpg 2048w\" sizes=\"auto, (max-width: 300px) 85vw, 300px\" \/> <img loading=\"lazy\" decoding=\"async\" class=\"alignnone size-medium wp-image-2669\" src=\"https:\/\/www.schnopfi.com\/wordpress\/wp-content\/uploads\/2021\/11\/Schnopfistadl_4-300x225.jpg\" alt=\"\" width=\"300\" height=\"225\" srcset=\"https:\/\/www.schnopfi.com\/wordpress\/wp-content\/uploads\/2021\/11\/Schnopfistadl_4-300x225.jpg 300w, https:\/\/www.schnopfi.com\/wordpress\/wp-content\/uploads\/2021\/11\/Schnopfistadl_4-1024x768.jpg 1024w, https:\/\/www.schnopfi.com\/wordpress\/wp-content\/uploads\/2021\/11\/Schnopfistadl_4-768x576.jpg 768w, https:\/\/www.schnopfi.com\/wordpress\/wp-content\/uploads\/2021\/11\/Schnopfistadl_4-1536x1152.jpg 1536w, https:\/\/www.schnopfi.com\/wordpress\/wp-content\/uploads\/2021\/11\/Schnopfistadl_4-1200x900.jpg 1200w, https:\/\/www.schnopfi.com\/wordpress\/wp-content\/uploads\/2021\/11\/Schnopfistadl_4.jpg 2048w\" sizes=\"auto, (max-width: 300px) 85vw, 300px\" \/> <img loading=\"lazy\" decoding=\"async\" class=\"alignnone size-medium wp-image-2668\" src=\"https:\/\/www.schnopfi.com\/wordpress\/wp-content\/uploads\/2021\/11\/Schnopfistadl_3-225x300.jpg\" alt=\"\" width=\"225\" height=\"300\" srcset=\"https:\/\/www.schnopfi.com\/wordpress\/wp-content\/uploads\/2021\/11\/Schnopfistadl_3-225x300.jpg 225w, https:\/\/www.schnopfi.com\/wordpress\/wp-content\/uploads\/2021\/11\/Schnopfistadl_3-768x1024.jpg 768w, https:\/\/www.schnopfi.com\/wordpress\/wp-content\/uploads\/2021\/11\/Schnopfistadl_3-1152x1536.jpg 1152w, https:\/\/www.schnopfi.com\/wordpress\/wp-content\/uploads\/2021\/11\/Schnopfistadl_3-1536x2048.jpg 1536w, https:\/\/www.schnopfi.com\/wordpress\/wp-content\/uploads\/2021\/11\/Schnopfistadl_3-1200x1600.jpg 1200w, https:\/\/www.schnopfi.com\/wordpress\/wp-content\/uploads\/2021\/11\/Schnopfistadl_3-scaled.jpg 1920w\" sizes=\"auto, (max-width: 225px) 85vw, 225px\" \/> <img loading=\"lazy\" decoding=\"async\" class=\"alignnone size-medium wp-image-2667\" src=\"https:\/\/www.schnopfi.com\/wordpress\/wp-content\/uploads\/2021\/11\/Schnopfistadl_2-300x225.jpg\" alt=\"\" width=\"300\" height=\"225\" srcset=\"https:\/\/www.schnopfi.com\/wordpress\/wp-content\/uploads\/2021\/11\/Schnopfistadl_2-300x225.jpg 300w, https:\/\/www.schnopfi.com\/wordpress\/wp-content\/uploads\/2021\/11\/Schnopfistadl_2-1024x768.jpg 1024w, https:\/\/www.schnopfi.com\/wordpress\/wp-content\/uploads\/2021\/11\/Schnopfistadl_2-768x576.jpg 768w, https:\/\/www.schnopfi.com\/wordpress\/wp-content\/uploads\/2021\/11\/Schnopfistadl_2-1536x1152.jpg 1536w, https:\/\/www.schnopfi.com\/wordpress\/wp-content\/uploads\/2021\/11\/Schnopfistadl_2-1200x900.jpg 1200w, https:\/\/www.schnopfi.com\/wordpress\/wp-content\/uploads\/2021\/11\/Schnopfistadl_2.jpg 1600w\" sizes=\"auto, (max-width: 300px) 85vw, 300px\" \/><\/p>\n<div>\n<h4><img loading=\"lazy\" decoding=\"async\" class=\"alignnone size-medium wp-image-2665\" src=\"https:\/\/www.schnopfi.com\/wordpress\/wp-content\/uploads\/2021\/11\/Schnopfistadl-300x200.jpg\" alt=\"\" width=\"300\" height=\"200\" srcset=\"https:\/\/www.schnopfi.com\/wordpress\/wp-content\/uploads\/2021\/11\/Schnopfistadl-300x200.jpg 300w, https:\/\/www.schnopfi.com\/wordpress\/wp-content\/uploads\/2021\/11\/Schnopfistadl-1024x683.jpg 1024w, https:\/\/www.schnopfi.com\/wordpress\/wp-content\/uploads\/2021\/11\/Schnopfistadl-768x512.jpg 768w, https:\/\/www.schnopfi.com\/wordpress\/wp-content\/uploads\/2021\/11\/Schnopfistadl-1536x1024.jpg 1536w, https:\/\/www.schnopfi.com\/wordpress\/wp-content\/uploads\/2021\/11\/Schnopfistadl-2048x1365.jpg 2048w, https:\/\/www.schnopfi.com\/wordpress\/wp-content\/uploads\/2021\/11\/Schnopfistadl-1200x800.jpg 1200w\" sizes=\"auto, (max-width: 300px) 85vw, 300px\" \/><\/h4>\n<h4>Das perfekte GESCHENK: Ein Kultur-Gutschein<\/h4>\n<p>Eine Einladung zu einer Veranstaltung ist immer ein sch\u00f6nes Geschenk. F\u00fcr alle, die gerne im Stadl zu Gast sein m\u00f6chten, k\u00f6nnen Sie Wertgutscheine oder\/und Eintrittskarten von den Veranstaltungen bestellen. Schenken Sie Vorfreude auf Live-Erlebnisse\u00a0 in herrlichem Ambiente! Sie k\u00f6nnen die H\u00f6he des Wertgutscheins frei w\u00e4hlen oder Karten bequem online auf der Homepage oder per Mail bestellen.<\/p>\n<h2>Kontakt<\/h2>\n<p>Mail:\u00a0<a href=\"mailto:office@schnopfi.com\">office@schnopfi.com<\/a>\u00a0und Tel. 0664\/911 88 06<br \/>\nProgrammvorschau und Kartenreservierung:\u00a0\u00a0<a href=\"https:\/\/mail.a1.net\/webmail\/redirect?u=https%3A%2F%2Fschnopfi.com\" target=\"_blank\" rel=\"noopener\">www.schnopfi.com.<\/a><\/p>\n<h4 class=\"title\">Was hat der Stadl zu bieten?<\/h4>\n<p>Das \u00e4u\u00dfere Erscheinungsbild ist rustikal, im Inneren verf\u00fcgt der Stadl \u00fcber moderne Technik und Infrastruktur.<\/p>\n<figure id=\"attachment_170\" aria-describedby=\"caption-attachment-170\" style=\"width: 625px\" class=\"wp-caption alignnone\"><img loading=\"lazy\" decoding=\"async\" class=\"wp-image-170 size-full\" src=\"https:\/\/www.schnopfi.com\/wordpress\/wp-content\/uploads\/2017\/01\/Der-Stadl1.jpg\" alt=\"Foto vom Schnopfi-Stadl\" width=\"625\" height=\"417\" srcset=\"https:\/\/www.schnopfi.com\/wordpress\/wp-content\/uploads\/2017\/01\/Der-Stadl1.jpg 625w, https:\/\/www.schnopfi.com\/wordpress\/wp-content\/uploads\/2017\/01\/Der-Stadl1-300x200.jpg 300w\" sizes=\"auto, (max-width: 625px) 85vw, 625px\" \/><figcaption id=\"caption-attachment-170\" class=\"wp-caption-text\">Fotos \u00a9 Erich Pr\u00f6ll<\/figcaption><\/figure>\n<p><img loading=\"lazy\" decoding=\"async\" class=\"alignleft wp-image-179 size-full\" src=\"https:\/\/www.schnopfi.com\/wordpress\/wp-content\/uploads\/2017\/01\/Der-Stadl8.jpg\" width=\"625\" height=\"415\" srcset=\"https:\/\/www.schnopfi.com\/wordpress\/wp-content\/uploads\/2017\/01\/Der-Stadl8.jpg 625w, https:\/\/www.schnopfi.com\/wordpress\/wp-content\/uploads\/2017\/01\/Der-Stadl8-300x199.jpg 300w\" sizes=\"auto, (max-width: 625px) 85vw, 625px\" \/> <img loading=\"lazy\" decoding=\"async\" class=\"alignleft wp-image-178 size-full\" src=\"https:\/\/www.schnopfi.com\/wordpress\/wp-content\/uploads\/2017\/01\/Der-Stadl7.jpg\" width=\"625\" height=\"416\" srcset=\"https:\/\/www.schnopfi.com\/wordpress\/wp-content\/uploads\/2017\/01\/Der-Stadl7.jpg 625w, https:\/\/www.schnopfi.com\/wordpress\/wp-content\/uploads\/2017\/01\/Der-Stadl7-300x200.jpg 300w\" sizes=\"auto, (max-width: 625px) 85vw, 625px\" \/> <img loading=\"lazy\" decoding=\"async\" class=\"alignleft wp-image-177 size-full\" src=\"https:\/\/www.schnopfi.com\/wordpress\/wp-content\/uploads\/2017\/01\/Der-Stadl6.jpg\" width=\"625\" height=\"415\" srcset=\"https:\/\/www.schnopfi.com\/wordpress\/wp-content\/uploads\/2017\/01\/Der-Stadl6.jpg 625w, https:\/\/www.schnopfi.com\/wordpress\/wp-content\/uploads\/2017\/01\/Der-Stadl6-300x199.jpg 300w\" sizes=\"auto, (max-width: 625px) 85vw, 625px\" \/> <img loading=\"lazy\" decoding=\"async\" class=\"alignleft wp-image-176 size-full\" src=\"https:\/\/www.schnopfi.com\/wordpress\/wp-content\/uploads\/2017\/01\/Der-Stadl5.jpg\" width=\"625\" height=\"415\" srcset=\"https:\/\/www.schnopfi.com\/wordpress\/wp-content\/uploads\/2017\/01\/Der-Stadl5.jpg 625w, https:\/\/www.schnopfi.com\/wordpress\/wp-content\/uploads\/2017\/01\/Der-Stadl5-300x199.jpg 300w\" sizes=\"auto, (max-width: 625px) 85vw, 625px\" \/> <img loading=\"lazy\" decoding=\"async\" class=\"alignleft wp-image-175 size-full\" src=\"https:\/\/www.schnopfi.com\/wordpress\/wp-content\/uploads\/2017\/01\/Der-Stadl4.jpg\" width=\"625\" height=\"415\" srcset=\"https:\/\/www.schnopfi.com\/wordpress\/wp-content\/uploads\/2017\/01\/Der-Stadl4.jpg 625w, https:\/\/www.schnopfi.com\/wordpress\/wp-content\/uploads\/2017\/01\/Der-Stadl4-300x199.jpg 300w\" sizes=\"auto, (max-width: 625px) 85vw, 625px\" \/> <img loading=\"lazy\" decoding=\"async\" class=\"alignleft size-full wp-image-174\" src=\"https:\/\/www.schnopfi.com\/wordpress\/wp-content\/uploads\/2017\/01\/Der-Stadl3.jpg\" alt=\"\" width=\"625\" height=\"416\" srcset=\"https:\/\/www.schnopfi.com\/wordpress\/wp-content\/uploads\/2017\/01\/Der-Stadl3.jpg 625w, https:\/\/www.schnopfi.com\/wordpress\/wp-content\/uploads\/2017\/01\/Der-Stadl3-300x200.jpg 300w\" sizes=\"auto, (max-width: 625px) 85vw, 625px\" \/><\/p>\n<\/div>\n<p><!--more--><\/p>\n<h4>Chronik<\/h4>\n<p><b>Am Anfang gab es eine Idee und einen alten Stadl &#8230;<\/b><\/p>\n<p><b>Die Idee:<\/b><br \/>\nDie Tatsache, dass Hans Schnopfhagen, ber\u00fchmter Mundartdichter und Komponist der ober\u00f6sterreichischen Landeshymne &#8222;Hoamatland&#8220;, bei uns in Oberneukirchen geboren ist, nahmen wir zum Anlass, das Geburtshaus und den dazugeh\u00f6rigen Ledererstadl in ein Kulturzentrum der besonderen Art verwandeln zu wollen.<\/p>\n<p><b>Der alte Stadl:<\/b><br \/>\nNoch war es kaum vorstellbar, dass in diesem &#8222;alten Bretterhaufen&#8220; K\u00fcnstler, Musiker und Kabarettisten ihr Publikum begeistern sollen.<\/p>\n<p><img loading=\"lazy\" decoding=\"async\" class=\"alignnone wp-image-123 size-full\" src=\"https:\/\/www.schnopfi.com\/wordpress\/wp-content\/uploads\/2017\/01\/stadl-alt-21.jpg\" width=\"250\" height=\"180\" \/><\/p>\n<p><b>Die Kultur-Werkstatt wird gegr\u00fcndet:<\/b><br \/>\nIdee und Ort schienen wie f\u00fcreinander geschaffen.\u00a0Im Juni 2001 wird der Verein &#8222;Kultur-Werkstatt-Schnopfhagen&#8220; gegr\u00fcndet und mietet den alten Ledererstadl von der Marktgemeinde Oberneukirchen an. Das Geburtshaus Schnopfhagens samt Nebengeb\u00e4uden soll in den n\u00e4chsten Jahren so adaptiert werden, dass darin ein lebendiges Gerbereimuseum, eine Musikschule und ein Probelokal f\u00fcr die Ortsmusik und die \u00f6rtlichen Ch\u00f6re entsteht.<\/p>\n<p><b>Der alte Stadl wird &#8222;Schnopfi-Stadl&#8220; getauft:<\/b><br \/>\nDie fr\u00fchere Zeitung &#8222;Tages-Post&#8220; berichtet, dass Herr Schnopfhagen ein sehr geselliger und fr\u00f6hlicher Mensch war und von seinen Freunden und Bekannten liebevoll &#8222;Vater Schnopf&#8220; genannt wurde. Der Name &#8222;Schnopfi&#8220; soll eine Br\u00fccke schlagen zwischen altem Kulturgut und modernem Engagement f\u00fcr kulturelle Vorhaben.<\/p>\n<p><img loading=\"lazy\" decoding=\"async\" class=\"alignnone size-medium wp-image-124\" src=\"https:\/\/www.schnopfi.com\/wordpress\/wp-content\/uploads\/2017\/01\/schnopfhagen-300x165.jpg\" alt=\"\" width=\"300\" height=\"165\" srcset=\"https:\/\/www.schnopfi.com\/wordpress\/wp-content\/uploads\/2017\/01\/schnopfhagen-300x165.jpg 300w, https:\/\/www.schnopfi.com\/wordpress\/wp-content\/uploads\/2017\/01\/schnopfhagen.jpg 400w\" sizes=\"auto, (max-width: 300px) 85vw, 300px\" \/><\/p>\n<p><b>Jetzt wird in die H\u00e4nde gespuckt:<\/b><br \/>\nVereinsmitglieder und freiwillige Helfer brachten in unz\u00e4hligen Arbeitsstunden den &#8222;Stadl&#8220; so in Schuss, dass ab Juli 2001 die ersten Veranstaltungen stattfinden konnten.<\/p>\n<p><img loading=\"lazy\" decoding=\"async\" class=\"wp-image-125 size-full alignright\" src=\"https:\/\/www.schnopfi.com\/wordpress\/wp-content\/uploads\/2017\/01\/foto-22.jpg\" width=\"250\" height=\"180\" \/><\/p>\n<p><img loading=\"lazy\" decoding=\"async\" class=\"alignnone wp-image-126 size-full\" src=\"https:\/\/www.schnopfi.com\/wordpress\/wp-content\/uploads\/2017\/01\/verein-23_01.jpg\" width=\"450\" height=\"253\" srcset=\"https:\/\/www.schnopfi.com\/wordpress\/wp-content\/uploads\/2017\/01\/verein-23_01.jpg 450w, https:\/\/www.schnopfi.com\/wordpress\/wp-content\/uploads\/2017\/01\/verein-23_01-300x169.jpg 300w\" sizes=\"auto, (max-width: 450px) 85vw, 450px\" \/><\/p>\n<p><b>R\u00fcckschlag:<\/b><br \/>\nAufr\u00e4umarbeiten nach den Hochwassersch\u00e4den im August 2002 zehrten erneut an den Kr\u00e4ften der Vereinsmitglieder. Doch der Wille zur Erschaffung eines Kulturzentrums ist ungebrochen.<\/p>\n<p><img loading=\"lazy\" decoding=\"async\" class=\"wp-image-127 size-full alignnone\" src=\"https:\/\/www.schnopfi.com\/wordpress\/wp-content\/uploads\/2017\/01\/foto-24.jpg\" width=\"180\" height=\"250\" \/><\/p>\n<p><b>Und es wird nochmals in die H\u00e4nde gespuckt:<\/b><br \/>\nVon M\u00e4rz bis Oktober 2003 renoviert die Marktgemeinde Oberneukirchen mit entsprechenden F\u00f6rderungen des Landes Ober\u00f6sterreich und unter gro\u00dfem Engagement und Mithilfe der Vereinsmitglieder den &#8222;Schnopfi-Stadl&#8220;.<br \/>\nDamit ist die erste Etappe der urspr\u00fcnglichen Idee in die Realit\u00e4t umgesetzt.<\/p>\n<p><img loading=\"lazy\" decoding=\"async\" class=\"alignleft size-full wp-image-133\" src=\"https:\/\/www.schnopfi.com\/wordpress\/wp-content\/uploads\/2017\/01\/foto-30.jpg\" alt=\"\" width=\"250\" height=\"180\" \/> <img loading=\"lazy\" decoding=\"async\" class=\"alignleft size-full wp-image-131\" src=\"https:\/\/www.schnopfi.com\/wordpress\/wp-content\/uploads\/2017\/01\/foto-28.jpg\" alt=\"\" width=\"250\" height=\"180\" \/> <img loading=\"lazy\" decoding=\"async\" class=\"alignleft size-full wp-image-132\" src=\"https:\/\/www.schnopfi.com\/wordpress\/wp-content\/uploads\/2017\/01\/foto-29.jpg\" alt=\"\" width=\"250\" height=\"180\" \/> <img loading=\"lazy\" decoding=\"async\" class=\"alignleft size-full wp-image-130\" src=\"https:\/\/www.schnopfi.com\/wordpress\/wp-content\/uploads\/2017\/01\/foto-27.jpg\" alt=\"\" width=\"250\" height=\"180\" \/> <img loading=\"lazy\" decoding=\"async\" class=\"alignleft size-full wp-image-129\" src=\"https:\/\/www.schnopfi.com\/wordpress\/wp-content\/uploads\/2017\/01\/foto-26.jpg\" alt=\"\" width=\"250\" height=\"180\" \/> <img loading=\"lazy\" decoding=\"async\" class=\"alignleft size-full wp-image-128\" src=\"https:\/\/www.schnopfi.com\/wordpress\/wp-content\/uploads\/2017\/01\/foto-25.jpg\" alt=\"\" width=\"250\" height=\"180\" \/><\/p>\n","protected":false},"excerpt":{"rendered":"<p>Das Team der Kultur-Werkstatt Am 6. Juni 2001 wurde die \u201eKultur-Werkstatt-Schnopfhagen\u201c gegr\u00fcndet, mit dem Ziel kulturelles Leben in Oberneukirchen und der Region zu beleben und zu gestalten, dies ist bis heute so geblieben. Mit Veranstaltungen aus den verschiedensten k\u00fcnstlerischen Bereichen von Pop, Kabarett bis hin zur echten Volksmusik bietet der Verein f\u00fcr das Publikum ein &hellip; <a href=\"https:\/\/www.schnopfi.com\/?page_id=29\" class=\"more-link\"><span class=\"screen-reader-text\">\u201eDER STADL\u201c<\/span> weiterlesen<\/a><\/p>\n","protected":false},"author":1,"featured_media":0,"parent":0,"menu_order":0,"comment_status":"closed","ping_status":"closed","template":"","meta":{"footnotes":""},"class_list":["post-29","page","type-page","status-publish","hentry"],"_links":{"self":[{"href":"https:\/\/www.schnopfi.com\/index.php?rest_route=\/wp\/v2\/pages\/29","targetHints":{"allow":["GET"]}}],"collection":[{"href":"https:\/\/www.schnopfi.com\/index.php?rest_route=\/wp\/v2\/pages"}],"about":[{"href":"https:\/\/www.schnopfi.com\/index.php?rest_route=\/wp\/v2\/types\/page"}],"author":[{"embeddable":true,"href":"https:\/\/www.schnopfi.com\/index.php?rest_route=\/wp\/v2\/users\/1"}],"replies":[{"embeddable":true,"href":"https:\/\/www.schnopfi.com\/index.php?rest_route=%2Fwp%2Fv2%2Fcomments&post=29"}],"version-history":[{"count":22,"href":"https:\/\/www.schnopfi.com\/index.php?rest_route=\/wp\/v2\/pages\/29\/revisions"}],"predecessor-version":[{"id":3758,"href":"https:\/\/www.schnopfi.com\/index.php?rest_route=\/wp\/v2\/pages\/29\/revisions\/3758"}],"wp:attachment":[{"href":"https:\/\/www.schnopfi.com\/index.php?rest_route=%2Fwp%2Fv2%2Fmedia&parent=29"}],"curies":[{"name":"wp","href":"https:\/\/api.w.org\/{rel}","templated":true}]}}